t the prime factors of 2/(-5) + (-1 + (-3146351)/65)*-1.
2, 24203
Let f(s) = -s**3 - 24*s**2 + s + 27. Let v be f(-24). Let n(o) = v - 8*o + 11*o + 12*o**2 - o**2. List the prime factors of n(-2).
41
Let y = 334 + -338. List the prime factors of (-1)/y + 101430/168.
2, 151
Let g(r) = -8*r + 33. Let h(p) = -p**3 - 9*p**2 - 8*p - 23. Let w be h(-7). Let s = w - -48. List the prime factors of g(s).
13
Let a(p) = 1533*p + 432. What are the prime factors of a(7)?
3, 61
Let t be 3535/4 - 4/(-16). Suppose 7*a - 5*v = 5*a - 64, 92 = -2*a - 2*v. List the prime factors of t/(-78)*a/4.
7, 17
Suppose w + 109164 = 5*o, -65512 = -5*o + 2*o + 4*w. List the prime factors of o.
2, 2729
Suppose 47*r - 53*r + 18 = 0. Suppose -5*s - r*y = -2077 - 1204, 3*s - 1980 = 2*y. What are the prime factors of s?
2, 7, 47
List the prime factors of ((-393800)/(-30))/(54/81).
2, 5, 11, 179
Let c(b) = b**3 + 3*b**2 + 2*b. Let a be c(-2). What are the prime factors of (-3 + a - 1) + 270?
2, 7, 19
Let z = -51 + 23. Let q = z - -151. Let b = 185 - q. List the prime factors of b.
2, 31
Let k be ((-567)/(-6))/(15/20) - 5. Let h = 329 - k. What are the prime factors of h?
2, 13
Let b = 3922 + -2980. List the prime factors of b.
2, 3, 157
Let c be ((-1)/5 + -1)/((-249)/6640). Suppose c = 17*r - 2. List the prime factors of r.
2
Let d(k) = 31*k**2 - 27*k**2 + 49*k**2 + 23*k**2. Let y be d(-3). Suppose 441 + y = 9*r. List the prime factors of r.
5
Let j(b) = b**2 + 3*b - 16. Let f be j(-6). Let w(r) = -16*r**2 - 3*r - 1. Let g be w(f). List the prime factors of g/((-3)/(-18)*-3).
2, 71
Let d = 94 + -91. Let j be (9/4)/d - (-260409)/244. What are the prime factors of ((-2)/(-6) - 1)*j/(-4)?
2, 89
Suppose 2*p + 52 = 2*c, -2*c + p = -0*p - 56. Let f = c - 26. List the prime factors of 101*(1/(-2))/(f/(-8)).
101
Suppose 6*z - 4*z + y - 12 = 0, 3*y + 44 = 4*z. Suppose 7480 = z*a + 3*a. Suppose 4*i - a = -5*x + 2*i, 2*x - 283 = -3*i. What are the prime factors of x?
2, 67
Let y(u) = 1313*u - 563. List the prime factors of y(6).
5, 7, 11, 19
Let v be 31/(-2) - 4/(-8). Let w(h) = 5*h**2 + 37*h + 2. What are the prime factors of w(v)?
2, 11, 13
Let k = 20 - -24. Let n be (-4)/12 + k/6. Suppose -n*h = -0*h - 644. List the prime factors of h.
2, 23
Let r = -400 - -403. Suppose r*n - t - 1645 = 0, 2*t - 6*t + 1655 = 3*n. What are the prime factors of n?
3, 61
Suppose 26 + 43 = 23*k. Suppose 276 - 171 = k*l. What are the prime factors of l?
5, 7
Suppose 79*q = 73*q + 30. Suppose 10*i - 195 = q*i. List the prime factors of i.
3, 13
Suppose -48 = v - 2*v - 2*o, -2*v = -3*o - 117. Let i(a) = 5 - 9 + 4 - 7*a + v. What are the prime factors of i(-6)?
2, 3
Let v(i) = -2*i**3 - 11*i**2 - 35*i - 8. Suppose -3*z + 5*w - 1 = 16, -10 = 2*z - 4*w. List the prime factors of v(z).
2, 19, 23
Let h(a) = 1230*a**2 + 91*a - 600. What are the prime factors of h(6)?
2, 3, 7, 13
Suppose -67922 = -20*o + 73858. What are the prime factors of o?
3, 17, 139
Let x = 450 - 1367. List the prime factors of -2*(5 - 3) + (2 - x).
3, 5, 61
Let u(o) = o**3 - o**2 + 10*o - 17. Let g be u(13). Suppose -2*c = -g - 339. List the prime factors of c.
2, 5, 31
Suppose -s + 903 = 10*m - 6*m, -913 = -s - 2*m. Let c = -603 + s. What are the prime factors of c?
2, 5
Let y = -74 + 83. Suppose -y*h - 7925 = -20984. What are the prime factors of h?
1451
Suppose p + 5*i = 13, -26 + 4 = 5*p - 4*i. Let n be (48/(-36))/((-8)/6 - p). List the prime factors of 4/((-56)/(-26) + n).
2, 13
List the prime factors of 6 + (-136 + -143)/((-3)/362).
2, 3, 23, 61
What are the prime factors of (134 - 197)*(2 - 179) - (1 + -3)?
19, 587
Let g(u) = -u**3 - 22*u**2 + 24*u + 27. Let w be g(-23). Suppose -w*r - 3 = 5*l, 3*r - 5*r + 9 = -l. List the prime factors of 252/2 - (-4 - 2 - l).
3, 43
Let k = -70 + 241. Suppose 2*f - 15 = 1. Suppose k = -f*w + 1411. List the prime factors of w.
5, 31
Let r = -8980 - -28163. List the prime factors of r.
19183
Let f = 8870 + -4017. List the prime factors of f.
23, 211
Let j(u) = -3*u**2 + 12*u + 48. Let w(k) = k**2. Let a(x) = -j(x) + 4*w(x). What are the prime factors of a(-11)?
7, 19
Let u = -103 - -108. Suppose 5*r + 80 = q + 9*r, 0 = -5*q + u*r + 500. List the prime factors of q.
2, 3
Let d be (-2031)/2*((-1220)/(-15) - 4). List the prime factors of (-3*(-3)/36)/((-29)/d).
677
List the prime factors of (-828336)/(-126) + (-5)/(420/8).
2, 19, 173
Suppose 2616*t - 37880 = 2606*t. What are the prime factors of t?
2, 947
Suppose -10*a + 12*a = 41*a - 1424865. List the prime factors of a.
5, 7307
Suppose 0 = 29*v - 1475417 + 519548. List the prime factors of v.
3, 10987
Let c(p) = -4*p + 43. Let n be c(10). Suppose -n*w - 2*v = -19, -w + 21 = 4*w - 2*v. Suppose w*b = -b + 450. List the prime factors of b.
3, 5
Let l = 15059 - 9902. List the prime factors of l.
3, 191
Suppose -15*z - 13356 = -19*z. Suppose -3*l + 10*l = z. List the prime factors of l.
3, 53
Suppose 0 = y + 4*t - 1975, 5*y = 2*t + 12693 - 2818. Suppose -10*o + 3980 = -6*o - 4*m, -2*o = m - y. What are the prime factors of o?
2, 3, 5, 11
Let h(j) = -7*j**3 - 82*j**2 + 58*j - 22. What are the prime factors of h(-17)?
5, 13, 149
Suppose 4*v + 3320 = 4*j, -11*v + 16*v + 1675 = 2*j. Let c = 2693 - j. List the prime factors of c.
2, 467
Suppose -30829 = -2*o - 3*t, 2*o + 5*t - 15404 = o. Suppose 23*b - o + 4724 = 0. What are the prime factors of b?
3, 5, 31
Suppose 2*f + 5 = -3*m, -25*f + 29*f + 13 = -3*m. List the prime factors of (-21)/12*f*(140 + -4).
2, 7, 17
Let z = 0 + 14. Suppose 46 + z = 4*n. Suppose 20*a - n*a - 180 = 0. List the prime factors of a.
2, 3
Let f(k) = 2*k**2 + 7*k - 2. Let o be f(-4). Let t(i) = -5*i + 16 - 5*i - 30 + 2*i**o. List the prime factors of t(9).
2, 29
Suppose p = 4*s - 11069, 207*s + 3*p = 210*s - 8313. What are the prime factors of s?
2, 3, 461
Let l(q) = 9453*q + 2609. List the prime factors of l(4).
83, 487
Let s = -23878 + 24162. List the prime factors of s.
2, 71
Suppose -2*m = -5*s - 16771, 3*m - 4*s - 1511 - 23628 = 0. List the prime factors of m.
3, 2791
Let z = -136 - -136. Suppose -104*d + 108*d - 740 = z. What are the prime factors of d?
5, 37
What are the prime factors of -159*(1 + -38) + (-100)/25?
5879
Let v(l) be the third derivative of 31*l**4/24 - 11*l**3/6 + 7*l**2 + 4. List the prime factors of v(9).
2, 67
Suppose -185*z = -90*z - 842175. What are the prime factors of z?
3, 5, 197
Suppose 4*l - 1912 = -5*b, -b - 3*b - 5*l + 1526 = 0. What are the prime factors of b?
2, 3
Suppose -1650 = 27*t + 6*t. What are the prime factors of (t + 3564)/((-4)/(-2))?
7, 251
What are the prime factors of (331/(-14) + (-2)/(-4))/(2783/(-116886))?
2, 3
What are the prime factors of 94557/27 - 20/3780*21?
2, 17, 103
Suppose -2*n + n = -5*y - 35567, -2*y + 14 = 0. List the prime factors of n.
2, 7, 2543
Let t(i) = 18*i**2 + i - 3. Let f be t(-2). Suppose -3*y - f + 415 = 0. Suppose -5*j + y + 164 = 0. What are the prime factors of j?
2, 7
Suppose u + 3768 = 2*f, -u + 2*u + 1883 = f. Suppose -5*i + 1762 = 3*h, -3*i - f + 115 = -3*h. What are the prime factors of h?
19, 31
Let u(n) be the third derivative of n**5/60 + 5*n**4/6 + 13*n**3/2 - 55*n**2 - 3*n. What are the prime factors of u(-19)?
2, 5
Let r be (5/(-3) - 0)*-3. Suppose d + 5 = 0, 5*y - 5*d - 139 = -114. Suppose -5*w - 1045 = -r*z, z - 2*w = -y*z + 214. What are the prime factors of z?
2, 3, 17
What are the prime factors of 45634/(-8 + 10) - (19 - 24)?
2, 11411
Let m(u) = 101*u + 40. Let s(h) = 48*h + 20. Let z(w) = 3*m(w) - 7*s(w). What are the prime factors of z(-31)?
17, 59
Let g = 319 - 315. Suppose g*t - 367 = -a, -t + 4*a = 3*t - 352. List the prime factors of t.
7, 13
Let c(u) = 106*u**2 - 7*u + 30. Let v be c(4). Suppose -486*z + 488*z = v. What are the prime factors of z?
3, 283
Suppose 3*a - j = 191980, 14941 = 2*a - j - 113048. What are the prime factors of a?
89, 719
Suppose 108349 + 74435 = 34*f. What are the prime factors of f?
2, 3, 7
Suppose -171*z + 94547 = -1012165. What are the prime factors of z?
2, 809
Suppose -10*z + 3*z - 11022 = -8*z. List the prime factors of z.
2, 3, 11, 167
Suppose -u - u - 45116 = 5*v, 3*v = -2*u - 27072. Let i be (v/13)/(-1*1). Suppose 2*m + i = 3*w, -w + 4*m + 476 = w. What are the prime factors of w?
2, 3, 19
Let y(j) = -20*j